tors of i?
31, 37
Suppose -7*d + 14 = -7. Suppose 0*j - 4*z = -d*j + 158, 4*z - 16 = 0. List the prime factors of j.
2, 29
Suppose a - 6 = -19. Let k(g) = g**3 + 12*g**2 - 18*g + 6. List the prime factors of k(a).
71
Suppose -4*z + 0*z = -3*o - 13863, -4*z + 13855 = 5*o. Let h be (4/(-10))/((-11)/z). Let d = 186 - h. What are the prime factors of d?
2, 3, 5
Let w(x) = 3*x**2 + 31*x - 12. Let m be 9/(-6)*140/15. What are the prime factors of w(m)?
2, 71
Let r = 1351 + -526. Suppose -115 = 5*c - r. What are the prime factors of c?
2, 71
Let p(t) = -t**2 - 7*t - 4. Let i be p(-6). Let h(a) = a**2 - 18. Let k be h(-5). Suppose -i*l = -k*l + 145. What are the prime factors of l?
29
Suppose -k + 0*k + 16 = 0. Let y be (-8 - -9)/(2/k). Suppose 3*p + y = -4, -136 = -4*n + 4*p. What are the prime factors of n?
2, 3, 5
Suppose 0 = 2*a - a - 3. Suppose 0 = a*d - 135 - 48. What are the prime factors of d?
61
Suppose 3*a + 4*t - 703 = 0, -t = -5*t - 8. What are the prime factors of a?
3, 79
Suppose 4662 = 3*m - 5*f - 666, -1776 = -m - 4*f. What are the prime factors of m?
2, 3, 37
Suppose 5*v - 3*j + 4*j - 3 = 0, 3*j = 4*v + 9. Suppose -h - 2*h + 2*x + 238 = v, 2*h = 2*x + 162. List the prime factors of h.
2, 19
Let n(t) = -t**3 + 33*t**2 - 62*t - 47. List the prime factors of n(28).
2137
Let r(x) = -77*x - 117. What are the prime factors of r(-6)?
3, 5, 23
Let y(b) = -14*b - 10 - 64*b - 4. List the prime factors of y(-2).
2, 71
Suppose 9 = 2*x + x. Suppose 0 = -2*y + x*o + 113, -2*o = 3 - 5. What are the prime factors of y?
2, 29
Let z = 1675 + -1180. What are the prime factors of z?
3, 5, 11
Let z(a) = a**3 - 3*a**2 + 3*a - 5. Let m be z(3). Suppose 0 = -y + 2*x + 1, 0*y - 13 = -y - m*x. Let h = 6 + y. What are the prime factors of h?
11
List the prime factors of 297640/455 + 4/(-26).
2, 3, 109
Suppose -12*b - 2268 = -5*b. Let w = -147 - b. What are the prime factors of w?
3, 59
Suppose 0*c = -c + 32. Suppose 3*n = 2*n + c. What are the prime factors of n?
2
Suppose -z - 5869 = -2*c, 0 = -5*z + 55 - 30. List the prime factors of c.
3, 11, 89
Suppose -8 = -4*s - 5*f, 9 = 5*s + 2*f - 18. Suppose -4*i = -5*i + 13. Let a = i - s. What are the prime factors of a?
2, 3
Let u(a) = a**3 - 6*a**2 - 13*a + 23. What are the prime factors of u(10)?
293
Suppose 10 = -2*i, 4*r - 5*r = 2*i - 656. What are the prime factors of r?
2, 3, 37
Let s(q) be the third derivative of -q**5/60 - 5*q**4/12 - q**3/2 - 2*q**2. Suppose -4*o - 2*x - 36 = 0, 7*x + 40 = -4*o + 4*x. List the prime factors of s(o).
2, 3
Let r = 308 - -151. List the prime factors of r.
3, 17
Let q(r) = 9 + 4*r + 0*r**2 + 3*r**2 + 4*r**2 - 6*r**2. Let t be q(-6). Suppose -5*n + 16 = -f, 3*n = 4*f - 0*n - t. What are the prime factors of f?
3
Suppose 1 = -5*g + 6. What are the prime factors of ((-25)/(-15))/(g/51)?
5, 17
Let t = -354 - -482. What are the prime factors of t?
2
Let a(l) = 2*l**2 - 5*l**2 + 8*l**2 + l**2 - 4. Let n be a(-4). Suppose 0*f + 2*f - n = 0. What are the prime factors of f?
2, 23
Suppose 4*t + 7 = -3*z - t, -14 = 3*z - 2*t. List the prime factors of -6 - -2 - -40 - z.
2, 5
Suppose 9 = 3*y - 4*b, 0*y + 3*b = 5*y - 15. Suppose -q + 9 = -y*m, 3*q = -2*q + 5*m + 25. Let i(o) = o - 1. List the prime factors of i(q).
2
Suppose -3*d + 42 = -12. Let b = 9 - d. Let a = b - -12. What are the prime factors of a?
3
Let d = -1281 - -1857. What are the prime factors of d?
2, 3
Suppose 3 - 15 = -6*n. Suppose 0 = -n*h - 15 + 35. What are the prime factors of h?
2, 5
Let r(l) = l + 2. Let n be r(2). List the prime factors of 58 - (0 - n) - 0.
2, 31
Let g = -1671 - -4224. What are the prime factors of g?
3, 23, 37
Suppose -4*b - b - 5*i = 65, -2*b = -3*i + 26. Let y = 42 + b. What are the prime factors of y?
29
Suppose 4*b + 25 = -35. Let s = 8 - b. Let u = -7 + s. List the prime factors of u.
2
Let u = 366 - -102. Suppose 465 = 4*n - 5*f, 4*f + u = n + 3*n. Suppose -2*k - 5*h = -3*h - 58, -5*h + n = 4*k. List the prime factors of k.
5
Suppose -6 = -3*s - 3. Let h be ((0 + s)*-6)/(-2). Suppose -2*r + z = -25 - 26, h*r - 2*z - 75 = 0. List the prime factors of r.
3
Let d = 116 + 344. What are the prime factors of d?
2, 5, 23
Let s = -450 - -1439. List the prime factors of s.
23, 43
Let n(u) = -3*u - 4. Let s(o) = 2*o + 7. Let a be s(-5). Let j be n(a). Suppose 0 = b - 2*p - 3*p - 14, 0 = j*b - 3*p - 158. List the prime factors of b.
2, 17
Suppose -25*g + 21*g = 0. Suppose -y + 0*y = 2*d - 52, g = -2*y - 5*d + 109. List the prime factors of y.
2, 3, 7
Let m be (-4 - -1)*30/(-18). Suppose -m*b = -313 - 122. List the prime factors of b.
3, 29
Let s = 22 + -44. List the prime factors of (-704)/(-9) + s/99.
2, 3, 13
List the prime factors of 2775 + (0 - 9) + -3.
3, 307
Let a(y) = -y**3 + 2*y**2 + 4*y. Let k be a(3). Suppose -k*c + 0*c + l + 19 = 0, c - 4*l + 1 = 0. What are the prime factors of (-4 - c/(-2))*-8?
2
Suppose 3*m + 4*r = 5964, -2*r = 3*r - 15. What are the prime factors of m?
2, 31
Let h(d) = -d**2 - 61*d + 299. What are the prime factors of h(-50)?
3, 283
Suppose 2*d + t - 148 = -d, -3*t = -3*d + 156. Let v = d - 34. Suppose -3*a = -v - 23. List the prime factors of a.
13
Suppose 3*k + 5*s - 315 = 0, 7*k + 4*s = 2*k + 525. Let y = k - 13. List the prime factors of y.
2, 23
Suppose -z + 4*u = 2*z - 118, -2*z - u = -86. Let t(g) = -g**2 - 10*g - 4. Let y be t(-8). Suppose -3*j + z = -y. List the prime factors of j.
2, 3
Suppose -f - 227 = 53. Let i be f/6*(-30)/25. Suppose -2*g + r = -3*r - i, 2*g - 35 = -3*r. What are the prime factors of g?
2, 11
Suppose 11*w - 6*w = 0. Let h be (-41)/(-3)*(3 + w). Suppose i = 2*x + 11, 5*x + h = 3*i + 3*x. List the prime factors of i.
3, 5
Let c(k) = -k**2 - 13*k - 13. Let z be c(-11). List the prime factors of (330/z)/(2/6).
2, 5, 11
Let p = -95 + 49. Let c = -19 - p. What are the prime factors of c?
3
Let d(j) = 2*j**2 + 2*j + 36. What are the prime factors of d(12)?
2, 3, 29
List the prime factors of (-3224)/(-2) + 4 + -3 + 3.
2, 101
Let h be 76/18 + (-10)/45. Suppose s + n = 129, h*s + s + 2*n = 639. What are the prime factors of s?
127
Suppose 9*j + 9751 = 14*j - h, 0 = 3*j - 4*h - 5854. List the prime factors of j.
2, 3, 5, 13
List the prime factors of ((-5)/(3 + 7))/((-2)/696).
2, 3, 29
Suppose 4 = 2*t - 34. Let c = 7 - t. Let j = c - -32. What are the prime factors of j?
2, 5
Let g(m) = m - 2. Let h be g(-13). List the prime factors of (-1092)/(-20) - (-9)/h.
2, 3
Let o = -48 + -6. Let x = 23 - o. What are the prime factors of x?
7, 11
Suppose -5*k + 0*k = -3*h - 2717, 5*h + 539 = k. List the prime factors of k.
2, 17
Let s(x) = 37*x + 36. List the prime factors of s(6).
2, 3, 43
Let f(r) = -r**3 - 21*r**2 - 56*r + 50. What are the prime factors of f(-19)?
2, 7
Let h = -21 - -9. Let g = h - -15. Suppose 0 = g*o + 2*o - 180. List the prime factors of o.
2, 3
Let t(b) = 2*b + 4. Let g be t(-2). Let y(n) = n**2 + 2*n - 4. Let x be y(g). Let r(v) = -v. What are the prime factors of r(x)?
2
Let t = 65 + 28. Let i = 148 - t. What are the prime factors of i?
5, 11
Let s be 3/(2 + 93/(-42)). List the prime factors of (-14)/s*(-1 + 47).
2, 23
Suppose q = 4*f + f - 485, 3*f = 3*q + 279. Suppose -2*g + 5*w + f = 0, 66 = 2*g + 5*w - 52. List the prime factors of g.
2, 3
Let v(b) = -145*b**3 - b**2 - 3*b + 2. What are the prime factors of v(-2)?
2, 3, 97
Let f = -7 + -29. What are the prime factors of f/96 + (-838)/(-16)?
2, 13
Let r(w) = 3*w**3 - 84*w**2 + 23*w + 132. List the prime factors of r(30).
2, 3, 17, 61
Let m = -119 + 801. List the prime factors of m.
2, 11, 31
Let x = -448 - -976. List the prime factors of x.
2, 3, 11
Let o be (-1)/4*0 + 3. Suppose 2*z - 44 = -4*n, -5*n + 17 + o = 0. Let b = z + -1. List the prime factors of b.
13
What are the prime factors of (3/(45/(-1146)))/(5/(-25))?
2, 191
Suppose -5*u - 3*y = -0*u - 6260, 0 = -u - 4*y + 1269. List the prime factors of u.
1249
Suppose o - 5*n - 325 = 0, 2*o - 406 - 276 = 2*n. What are the prime factors of o?
3, 5, 23
Let i(w) = 2*w + 0 - 4 + 12 + 5. Let p be i(-5). Suppose 0 = -4*n - 12, q + n - 35 = p*n. List the prime factors of q.
29
Let m be ((-303)/12)/(6/(-24)). Suppose 4*b - 3*o - 289 = -m, b + 3*o - 32 = 0. List the prime factors of b.
2, 11
Let l be 2/7 + 0 + 8/(-28). Suppose -o + 6*o 